{"id":75,"date":"2016-05-04T10:47:44","date_gmt":"2016-05-04T08:47:44","guid":{"rendered":"https:\/\/tippspiel.office-personal.com\/?page_id=75"},"modified":"2026-03-20T14:51:13","modified_gmt":"2026-03-20T13:51:13","slug":"preise","status":"publish","type":"page","link":"https:\/\/tippspiel.office-personal.com\/?page_id=75","title":{"rendered":"Preise"},"content":{"rendered":"\n<p><span style=\"color: #0000ff;\"><strong>Wie f\u00fcr jedes Gewinnspiel \u00fcblich gibt es auch hier tolle Preise*!<\/strong><\/span><\/p>\n\n\n\n<hr class=\"wp-block-separator has-css-opacity\"\/>\n\n\n\n<p><strong><span style=\"color: #ff0000;\">Platz Nr. 1 &#8211; der Gewinner<\/span><\/strong> 1x Gutschein**<\/p>\n\n\n<div class=\"wp-block-image is-style-default\">\n<figure class=\"aligncenter size-full is-resized\"><img loading=\"lazy\" decoding=\"async\" width=\"511\" height=\"204\" src=\"https:\/\/tippspiel.office-personal.com\/wp-content\/uploads\/2024\/05\/Gutschein_neutral.png\" alt=\"\" class=\"wp-image-438\" style=\"width:475px;height:auto\" srcset=\"https:\/\/tippspiel.office-personal.com\/wp-content\/uploads\/2024\/05\/Gutschein_neutral.png 511w, https:\/\/tippspiel.office-personal.com\/wp-content\/uploads\/2024\/05\/Gutschein_neutral-300x120.png 300w, https:\/\/tippspiel.office-personal.com\/wp-content\/uploads\/2024\/05\/Gutschein_neutral-500x200.png 500w\" sizes=\"auto, (max-width: 511px) 100vw, 511px\" \/><\/figure>\n<\/div>\n\n\n<p><\/p>\n\n\n\n<p><strong><span style=\"color: #ff0000;\">Platz <strong><span style=\"color: #ff0000;\">Nr.<\/span><\/strong><\/span><\/strong> <strong><span style=\"color: #ff0000;\">2-3<\/span><\/strong> 1x WM 2026 Fu\u00dfball Heimtrikot**<\/p>\n\n\n<div class=\"wp-block-image is-style-default\">\n<figure class=\"aligncenter size-full is-resized\"><img loading=\"lazy\" decoding=\"async\" width=\"1024\" height=\"1024\" src=\"https:\/\/tippspiel.office-personal.com\/wp-content\/uploads\/2026\/03\/TrikosWM2026.png\" alt=\"\" class=\"wp-image-471\" style=\"width:469px\" srcset=\"https:\/\/tippspiel.office-personal.com\/wp-content\/uploads\/2026\/03\/TrikosWM2026.png 1024w, https:\/\/tippspiel.office-personal.com\/wp-content\/uploads\/2026\/03\/TrikosWM2026-300x300.png 300w, https:\/\/tippspiel.office-personal.com\/wp-content\/uploads\/2026\/03\/TrikosWM2026-150x150.png 150w, https:\/\/tippspiel.office-personal.com\/wp-content\/uploads\/2026\/03\/TrikosWM2026-768x768.png 768w\" sizes=\"auto, (max-width: 1024px) 100vw, 1024px\" \/><\/figure>\n<\/div>\n\n\n<hr class=\"wp-block-separator has-css-opacity\"\/>\n\n\n\n<p><strong><span style=\"color: #ff0000;\">Platz <strong><span style=\"color: #ff0000;\">Nr.<\/span><\/strong><\/span><\/strong> <strong><span style=\"color: #ff0000;\">4-6<\/span><\/strong> 1x WM 2026 Ball**<\/p>\n\n\n<div class=\"wp-block-image\">\n<figure class=\"aligncenter size-full is-resized\"><img loading=\"lazy\" decoding=\"async\" width=\"1500\" height=\"1500\" src=\"https:\/\/tippspiel.office-personal.com\/wp-content\/uploads\/2026\/03\/Ball-WM2026.png\" alt=\"\" class=\"wp-image-474\" style=\"width:466px;height:auto\" srcset=\"https:\/\/tippspiel.office-personal.com\/wp-content\/uploads\/2026\/03\/Ball-WM2026.png 1500w, https:\/\/tippspiel.office-personal.com\/wp-content\/uploads\/2026\/03\/Ball-WM2026-300x300.png 300w, https:\/\/tippspiel.office-personal.com\/wp-content\/uploads\/2026\/03\/Ball-WM2026-1024x1024.png 1024w, https:\/\/tippspiel.office-personal.com\/wp-content\/uploads\/2026\/03\/Ball-WM2026-150x150.png 150w, https:\/\/tippspiel.office-personal.com\/wp-content\/uploads\/2026\/03\/Ball-WM2026-768x768.png 768w\" sizes=\"auto, (max-width: 1500px) 100vw, 1500px\" \/><\/figure>\n<\/div>\n\n\n<p>Wir w\u00fcnschen viel Spa\u00df beim Tippen und nat\u00fcrlich ganz, ganz viel Gl\u00fcck!<\/p>\n\n\n\n<p>*Bitte beachten Sie die <a href=\"https:\/\/tippspiel.office-personal.com\/?page_id=41\">Teilnahmebedingungen<\/a><\/p>\n\n\n\n<p>**\u00e4hnliche Abbildungen<\/p>\n","protected":false},"excerpt":{"rendered":"<p>Wie f\u00fcr jedes Gewinnspiel \u00fcblich gibt es auch hier tolle Preise*! Platz Nr. 1 &#8211; der Gewinner 1x Gutschein** Platz Nr. 2-3 1x WM 2026 Fu\u00dfball Heimtrikot** Platz Nr. 4-6 1x WM 2026 Ball** Wir w\u00fcnschen viel Spa\u00df beim Tippen &hellip; <a href=\"https:\/\/tippspiel.office-personal.com\/?page_id=75\">Weiterlesen <span class=\"meta-nav\">&rarr;<\/span><\/a><\/p>\n","protected":false},"author":1,"featured_media":0,"parent":0,"menu_order":0,"comment_status":"closed","ping_status":"closed","template":"","meta":{"footnotes":""},"class_list":["post-75","page","type-page","status-publish","hentry"],"_links":{"self":[{"href":"https:\/\/tippspiel.office-personal.com\/index.php?rest_route=\/wp\/v2\/pages\/75","targetHints":{"allow":["GET"]}}],"collection":[{"href":"https:\/\/tippspiel.office-personal.com\/index.php?rest_route=\/wp\/v2\/pages"}],"about":[{"href":"https:\/\/tippspiel.office-personal.com\/index.php?rest_route=\/wp\/v2\/types\/page"}],"author":[{"embeddable":true,"href":"https:\/\/tippspiel.office-personal.com\/index.php?rest_route=\/wp\/v2\/users\/1"}],"replies":[{"embeddable":true,"href":"https:\/\/tippspiel.office-personal.com\/index.php?rest_route=%2Fwp%2Fv2%2Fcomments&post=75"}],"version-history":[{"count":32,"href":"https:\/\/tippspiel.office-personal.com\/index.php?rest_route=\/wp\/v2\/pages\/75\/revisions"}],"predecessor-version":[{"id":478,"href":"https:\/\/tippspiel.office-personal.com\/index.php?rest_route=\/wp\/v2\/pages\/75\/revisions\/478"}],"wp:attachment":[{"href":"https:\/\/tippspiel.office-personal.com\/index.php?rest_route=%2Fwp%2Fv2%2Fmedia&parent=75"}],"curies":[{"name":"wp","href":"https:\/\/api.w.org\/{rel}","templated":true}]}}